he remainder when k is divided by g.
2
Let n = -277 - -302. Let x(i) = -12*i - 5. Calculate the remainder when x(-4) is divided by n.
18
Let v = -284 + 341. Calculate the remainder when v is divided by 4.
1
Let f(s) = -5*s**2 + 21*s + 1. Calculate the remainder when 50 is divided by f(4).
0
Suppose 5 = k + 1. Suppose k*r - 3*r = 2*p + 12, -5*p = -2*r + 27. Let q = 12 - 3. Calculate the remainder when q is divided by r.
3
Suppose 5*m - 212 = -3*o, -90 = 3*o - 3*m - 342. Suppose -2*j - 2*t + 72 = 0, -t + 174 = 4*j - 3*t. What is the remainder when o is divided by j?
38
Suppose j - 2*j = -19. Suppose -4 = 3*w - j. Suppose 0 = w*k + 4*p - 92, 4*p + 2 - 14 = 0. Calculate the remainder when k is divided by 6.
4
Let p be (-3 + 3 - -4) + 0. Let a = p - 0. Suppose 3*n = 7*n - 12. Calculate the remainder when a is divided by n.
1
Let m = 915 - 897. Suppose -5*u = -2*o - 8, 0 = -2*u + 4*o - o + 12. Let a = u + m. Calculate the remainder when a is divided by 5.
3
Let p(m) = 27*m**2 + 11*m - 24. What is the remainder when 415 is divided by p(2)?
97
Let y(i) = -i**3 + 10*i**2 - 27*i + 106. Calculate the remainder when 103 is divided by y(8).
13
Let h(x) = 5*x**2 + 20*x - 20*x - 1. Let r be h(1). Suppose -b - 186 = -r*b. What is the remainder when b is divided by 16?
14
Let f(a) = -a**3 - 23*a**2 + 2*a + 50. Calculate the remainder when 46 is divided by f(-23).
2
Suppose -736 = -6*m + 50. Let t = 154 - m. What is the remainder when 60 is divided by t?
14
Suppose -c + 5*c - 656 = -4*l, -4*l - 2*c + 652 = 0. Suppose -t = -3*k + 7*k - 56, 0 = k + 5*t + 5. What is the remainder when l is divided by k?
12
Suppose -65*i + 253 + 2347 = 0. Calculate the remainder when 109 is divided by i.
29
Let n(m) = m - 1. Let r be n(-6). Let a(q) = -6*q**3 + 38*q**2 - 15*q + 37. What is the remainder when a(6) is divided by 1 - (r/1 - 2)?
9
Let r = 13 - 26. Let d = r - -28. Let t = 33 - d. Calculate the remainder when 70 is divided by t.
16
Let s(m) = -35*m - 16. Let p be s(-5). Let q = p + -110. Calculate the remainder when q is divided by 14.
7
Suppose -4*l - 20 = 0, u - l + 29 = 428. Calculate the remainder when u is divided by 22.
20
Suppose -5*b = -5*u - 160, -4*b + 7*u - 2*u + 130 = 0. Calculate the remainder when b is divided by 16.
14
Suppose 7*f + 5 = 47. Calculate the remainder when 364 is divided by f.
4
Suppose -7*j = -6*j + 3*f - 6, -5*j - 2*f + 82 = 0. Calculate the remainder when 174 is divided by j.
12
Suppose -4*k = -340 - 44. Calculate the remainder when k is divided by 33.
30
Let l = -10 - -16. Let t be ((-3)/l)/((-4)/16). Suppose 3 = -p + 4*w + 30, -4*w + 18 = t*p. Calculate the remainder when p is divided by 6.
3
Let t = 188 + 250. Calculate the remainder when t is divided by 40.
38
Let j(k) = -k**2 + 9*k - 6. Let r be j(8). Suppose -r*o - 166 = -3*q, 3*q + 0*q - 163 = 5*o. What is the remainder when q is divided by 19?
18
Let a(u) = u**3 + 7*u**2 + 4*u + 12. Let z be a(-5). Suppose 44*h - z*h = 22. What is the remainder when 51 is divided by h?
7
Suppose 93 - 213 = -12*g. What is the remainder when 66 is divided by g?
6
Let h(j) = 3*j**2 + 21*j + 8. Let p be h(-8). Let b = p - -34. What is the remainder when b is divided by 17?
15
What is the remainder when 3/((-21)/161)*-7 is divided by 45?
26
Let s(o) = -o**3 + 14*o**2 - 25*o - 22. Calculate the remainder when 326 is divided by s(11).
62
Suppose -2*x + 2*v = -170, 4*x + 13 = -v + 373. What is the remainder when x is divided by 23*(-1)/(1*-1)?
20
Let f = 19 + 34. Let y = f - 27. Calculate the remainder when 44 is divided by y.
18
Suppose -2*f = 4*d - 224 - 200, 4*d - 400 = 4*f. Let t = d + -63. Suppose -t = -4*a - 13. What is the remainder when a is divided by 2?
1
Let c be (-741)/(-12) + 1/4. Suppose 5*x - c = -2*o, 5*x - 4*o - 61 = -5*o. Let n = 92 + -85. Calculate the remainder when x is divided by n.
5
Let r = 59 + -42. Suppose 3*w + w = -3*m - 9, 0 = 3*w - 4*m - 12. Suppose w*n + n = 66. What is the remainder when n is divided by r?
15
Suppose 2*c + 0*f - 3*f - 44 = 0, 0 = c - 2*f - 20. Suppose -9*y + 12*y - 7 = -2*w, -w = -5*y + 29. What is the remainder when c is divided by y?
3
Suppose -7 = 2*l - 79. Suppose -4*u = 4, -5*z = u - 843 + 129. What is the remainder when z is divided by l?
35
Suppose 19*o - 6900 = -o. Suppose 0 = 2*g - r - 171, 7*g + r = 3*g + o. Let d(n) = 6*n**2 - 3*n - 1. What is the remainder when g is divided by d(-2)?
28
Suppose j - 132 = -3*c, 0 = -5*j - 0*c - 4*c + 638. What is the remainder when j is divided by 8?
6
Suppose -511 = -5*n + n + 3*f, 376 = 3*n + 5*f. Let b = 133 - n. What is the remainder when 20 is divided by b?
2
Let c = 998 + -923. What is the remainder when 223 is divided by c?
73
Suppose -2*l + 36 = -f + 4*f, 3*f - 51 = -3*l. Calculate the remainder when 51 is divided by l.
6
Let g = -2 + 18. Let u = g - 22. What is the remainder when -3*(2*u - 3) is divided by 16?
13
Suppose -4*z + 5 - 59 = -2*u, 75 = 3*u - 3*z. Suppose -u*t - 492 = -29*t. Calculate the remainder when t is divided by 21.
19
Let u(i) = -2*i - 27. Let m(j) = -j + 9. Let o be m(5). Calculate the remainder when (-1)/o - (-165)/4 is divided by u(-19).
8
Let a = -5 + 17. Let l = 737 + -630. Calculate the remainder when l is divided by a.
11
Let u(a) = -4*a**2 + 2*a. Let k be u(-2). Let c be -13 - 5*(-8)/k. Let t = -10 - c. Calculate the remainder when t is divided by 2.
1
Let w(c) = -c**3 - 6*c**2 + 2*c - 5. What is the remainder when 16/20*3/6*145 is divided by w(-7)?
28
Let x(y) = -y - 5. Let f be x(-8). Suppose -q + 1 - 5 = 0. What is the remainder when 2 is divided by q/f*(-21)/14?
0
Let l be (-1 - 1) + -1 + 7. Suppose u + l*u = -80. Calculate the remainder when 38 is divided by 0 + -4 - -1 - u.
12
Let k(t) = t**2 + t + 327 - 8*t**3 + 2*t**3 + 5*t**3. Calculate the remainder when k(0) is divided by 55.
52
Calculate the remainder when 7 is divided by (4/(-3) - -1)/((-30)/270).
1
Let p(t) = -3*t**3 - 7*t**2 + 4*t - 15. Calculate the remainder when p(-4) is divided by 25.
24
Suppose -10 = 2*g - 42. Calculate the remainder when (312/g)/(2/4) is divided by 20.
19
Suppose 2*f = 22 + 56. Calculate the remainder when 112 is divided by f.
34
Suppose 7*f - 2*f - 5*g - 70 = 0, 0 = -2*f + 4*g + 28. What is the remainder when 16 is divided by f?
2
Suppose 10*x - 526 - 114 = 0. What is the remainder when x is divided by 3?
1
Let o(p) = -4*p + 135. What is the remainder when 161 is divided by o(16)?
19
Let z = -11 - -92. Let d = -120 + z. Let p = 56 + d. What is the remainder when p is divided by 5?
2
Calculate the remainder when (7 - (-312)/(-40))*(-1430)/4 is divided by 16.
14
Let z(c) = c**2 - 23*c + 54. What is the remainder when z(25) is divided by 38?
28
Let c(n) = 48*n + 4. Let p be c(1). Let o = p + -40. Calculate the remainder when 21 is divided by o.
9
Suppose 7*g = 3*g + 76. Let y = -4 + 7. Suppose 0 = -y*z - 5*h + 5, -2*z = -h + 5*h. Calculate the remainder when g is divided by z.
9
Let v = -28 - 20. Let f = v - -69. What is the remainder when 61 is divided by f?
19
Let t be (12/(-15) + 2)*10. Suppose 2*q - t = -2. Suppose -q*k + 4*k + 39 = 0. What is the remainder when k is divided by 14?
11
Let j(w) = w**3 + 20*w**2 - 24*w - 2. Calculate the remainder when 72 is divided by j(-21).
11
Suppose -4*p + 8 = -8, -5*n + 2*p = -12. Suppose -3*l + n*l - 2 = 0. What is the remainder when l is divided by 2?
0
Let o = 93 + -50. Suppose 3*j + 3*h + 0*h - 75 = 0, -5*h = -3*j + o. Calculate the remainder when j is divided by 6.
3
Let k be ((-4)/(-5))/((-2)/(-45)). Calculate the remainder when (-113)/(-3) - (-6)/k is divided by 21.
17
Let c = 546 - -347. What is the remainder when c is divided by 16?
13
Let k(s) = -s**2 - 10*s - 18. Calculate the remainder when 173 is divided by k(-4).
5
Calculate the remainder when (-64)/(16/4)*72/(-32) is divided by 14.
8
Suppose 0 = b + 2*b - 96. Let k be (26/6)/((-2)/6). Let z = 4 - k. Calculate the remainder when b is divided by z.
15
Suppose 7*w = -14 - 0. Suppose -3*a + 25 = 2*a. Calculate the remainder when (-2 + 6)*(-1)/w + 21 is divided by a.
3
Let s(t) = t. Let i(q) = q**2 - 18*q - 50. Let j(c) = -i(c) + s(c). Calculate the remainder when 14 is divided by j(21).
6
Suppose -2*i - 25 = 3*i, -y = -4*i - 27. What is the remainder when (-2790)/(-70) - (-2)/14 is divi